and 18?
9
Suppose -457 = -2*n + 3*b, -2*b = -5*n + 993 + 177. Suppose 3*h = -n + 2225. Suppose -3*d + h - 42 = 0. Calculate the greatest common divisor of 23 and d.
23
Let q(x) = x - 22. Let r be q(0). Let c = r + 48. Calculate the greatest common factor of 65 and c.
13
Suppose -2*n - 3*f + 147 = -232, -2*f + 378 = 2*n. Calculate the greatest common factor of 4 and n.
4
Let y = 19 + 13. Let h be (-2)/8 + 63/12 + 3. Let q be (-6 + h)/(98/48 + -2). What is the greatest common factor of q and y?
16
Let b be (43/(-2))/(5/(-10)). Let f = b + -19. Let o be 6*1 + (-456)/(-8) + -3. Calculate the greatest common factor of o and f.
12
Suppose 10*d + 77 = 17*d. What is the highest common divisor of d and 77?
11
Let b(l) = 3*l**3 - 7*l**2 - l + 33. Let c be b(0). Calculate the greatest common factor of 15 and c.
3
Let l(w) = 20*w**3 + 5*w**2 + 3*w - 9. Let z be l(3). Suppose -z = -2*f - f. Calculate the greatest common factor of f and 78.
39
Let c(z) = 4*z**2 - 3*z - 5. Let u be c(-3). Let y(h) = -h**2 - 5*h + 160. Let n be y(0). What is the greatest common factor of n and u?
40
Let r(p) = -p**3 - 18*p**2 - 13*p + 50. Let s be r(-22). Calculate the greatest common factor of 71 and s.
71
Let p(q) = -7*q**3 + 9*q + 22. Let l be p(-3). What is the highest common divisor of l and 16?
8
Let q = -36 - -51. Let o be 96/45 - 2/q. Suppose -180 = -o*x - x. Calculate the highest common factor of x and 12.
12
Suppose -3*r = 5*o - 219 + 71, 0 = -4*o - 16. What is the highest common divisor of r and 105?
7
Let v(z) = 33*z**3 - 3*z - 2. Let k be v(-1). Let j be (k/(-40))/((-4)/10). Let q be (-3)/(j - (-49)/25). What is the greatest common divisor of q and 15?
15
Let p(h) = -h**3 + 2*h**2 + 7*h + 38. Let d be p(0). Suppose -25 - 355 = -4*s. What is the greatest common factor of s and d?
19
Let z be (-2)/(-6) - 339/(-9). Suppose -3*b - 684 = h - 193, 304 = -2*b + 4*h. Let k = -67 - b. What is the greatest common factor of z and k?
19
Let u(w) = 4*w**2 - 11*w + 51. Let v be u(20). Calculate the greatest common divisor of v and 53.
53
Suppose i = 5*i - 144. Suppose -l - 28*v + 6 = -25*v, 5*v - 50 = -5*l. What is the greatest common divisor of l and i?
12
Suppose 0 = 13*g - 5*g - 32. Suppose 0 = -3*f + 2*h - g*h + 90, 5*f - 150 = -h. What is the greatest common factor of 240 and f?
30
Suppose 5*y = s + 756, -4*s - 440 = -7*y + 4*y. Calculate the greatest common factor of 16 and y.
8
Let t = -279 - -281. Calculate the highest common divisor of t and 142.
2
Let x = 18 + -8. Suppose -x = 4*b + b - c, b - 3*c = -2. Let y be -117*(b + (-15)/(-9)). What is the highest common factor of 13 and y?
13
Suppose 5*s - 2*f + f - 20 = 0, -4*s + 22 = -2*f. Let c(v) = 4*v - 1. Let g be c(4). Calculate the greatest common factor of s and g.
3
Suppose -161 + 56 = -5*i. Suppose -4*v + 12 = 5*w, 4*w + 0*w - 14 = -v. Suppose 583 = w*g + 163. What is the highest common divisor of i and g?
21
Let z be 41/(8 + (-156)/20). What is the greatest common factor of 123 and z?
41
Let g(n) = -3*n + 8*n + n - 3 + n. Let y be g(3). What is the greatest common factor of 162 and y?
18
Let f be 724/6 + -1 - (-13)/39. Let s be 3 + 3 - 8/4. Let q be -18*s*(-12)/18. Calculate the greatest common divisor of f and q.
24
Suppose -3*a - 2 + 23 = 0. Suppose a*r - 31 = 144. Calculate the greatest common factor of 5 and r.
5
Let b(c) = -3*c**2 - 4*c + 5. Let g be b(5). Let w = -69 - g. What is the highest common factor of w and 6?
3
Suppose m - 821 = -5*v, 2*m + 491 = 3*v + m. What is the highest common factor of v and 4?
4
Suppose -4*r + 0*r = 16, 0 = 3*j - 5*r - 110. Suppose 0 = -2*f - w - 0*w + 89, 2*f = 2*w + 92. What is the greatest common divisor of f and j?
15
Let p = 837 + -807. Calculate the highest common factor of 470 and p.
10
Let m(x) = x**2 - 11*x - 86. Let j be m(-8). Suppose -8 - 102 = -5*r. What is the greatest common factor of j and r?
22
Let j be (5 - 0)*-4*(-360)/300. Suppose 0 = -y + 4, 3*g = 2*y - 310 - 583. Let x = -103 - g. What is the highest common factor of j and x?
24
Let z = -312 - -327. Let f be 0/(-1) + 10*6. What is the greatest common factor of f and z?
15
Let s be 33*2 - 74/74. What is the greatest common divisor of 78 and s?
13
Suppose c - 28 = -c - 2*p, 4*c - 56 = -p. Suppose -18 - 63 = -3*t. Let y be t + 5 - -3*1. What is the highest common divisor of y and c?
7
Let n be (4/8)/1*16. Suppose 2*d - n = 30. Let k = -3 - -22. What is the highest common factor of d and k?
19
Let n = -1 - -7. Let s = -47 + 17. Let f be n/9 - s/9. What is the greatest common factor of f and 4?
4
Let r(w) = -6 - 6*w**3 + 19*w + 5*w**3 + 9*w**2 - 4*w + 0*w**2. Let n be r(6). Calculate the greatest common factor of n and 24.
24
Suppose 890 = 337*p - 335*p. Calculate the greatest common factor of 623 and p.
89
Let t be 0/(-3) + -3 - -7. Suppose -28 + 4 = -t*a. Let b be 3/(-9) - (-134)/a. What is the greatest common divisor of 33 and b?
11
Let u be -2*-3*(-230)/(-15). Suppose 2*m = -3*d + 148, -u + 343 = 5*d - m. What is the highest common divisor of d and 550?
50
Let v(t) = 13*t + 47. Let g be v(-3). What is the highest common divisor of g and 136?
8
Suppose -7*n + 12 + 9 = 0. Let f be 47 - 9/n*1. Calculate the greatest common divisor of 110 and f.
22
Let y be 0*(15/9 + -2). Suppose 6*t = -y*t + 156. What is the highest common divisor of 78 and t?
26
Suppose -2*d + 7*d + 365 = 4*t, -4*t - 3*d + 389 = 0. Calculate the highest common factor of t and 380.
95
Suppose 0 = -r - 4*r + 20. Suppose -1050 = -r*n - n. Suppose 5*j - n = -0*j. What is the greatest common factor of j and 14?
14
Suppose 4*t + t - 20 = -3*j, -5*t - 4*j = -25. Let c = t - -204. What is the highest common divisor of 41 and c?
41
Let s be 3*24/(-18)*(-3)/2. What is the highest common divisor of 57 and s?
3
Let t be 990/(-14) - (-4)/(-14). Let s = t - -143. Let j be 6/10 + s/30. What is the highest common divisor of 1 and j?
1
Let f = -20 + 20. Suppose -4*r - 16 = 4*h, f*h + 11 = -2*r + h. Let u(o) = -o. Let w be u(r). Calculate the greatest common factor of w and 45.
5
Let r be (14 - 4)*(-4)/5. Let m = -5 - r. Suppose -m*k + 12 = -6. Calculate the highest common divisor of 9 and k.
3
Suppose -g = h - 26, 12*h - 2*g = 15*h - 78. What is the highest common factor of h and 2?
2
Let a be -1 + (-13)/(65/(-30)). Let j(v) = 3*v**2 + 7*v + 2. Let l be j(a). Calculate the highest common divisor of l and 16.
16
Let b = 41 - 13. Let a(j) = j - 1. Let g(h) = -h**2 + 7*h - 4. Let v(t) = 5*a(t) - g(t). Let d be v(-2). Calculate the greatest common factor of b and d.
7
Let a(y) = 3*y**3 - 5*y**2 - 5*y + 8. Let r = -3 - 4. Let s = 11 + r. Let h be a(s). What is the greatest common factor of 20 and h?
20
Let t be ((-75)/(-100))/((-2)/8) - -120. What is the highest common factor of 63 and t?
9
Let f(z) = -3*z - 22. Let o be f(-9). Suppose 0 = o*b, -s + 2*b = -2*b - 72. What is the highest common divisor of 48 and s?
24
Suppose -4*o + 64 + 32 = 0. Suppose 0 = -q - o + 25. What is the highest common factor of q and 18?
1
Let c(j) = j**3 + 11*j**2 - 13*j - 10. Let q be c(-10). What is the greatest common factor of q and 55?
55
Let g = -16 - 32. Let u be (-190)/(-8) + (-12)/g. What is the highest common factor of u and 192?
24
Let y be (155 - 3/3) + 1. Suppose 60 = t + 18*h - 17*h, 3*t + 4*h = 178. What is the greatest common divisor of y and t?
31
Suppose -3*j + 90 = 2*j. Suppose 2*h - t - 3*t - 60 = 0, -j = -h - 4*t. What is the highest common divisor of 65 and h?
13
Suppose h + 44 = 28. Let i = h - -40. Calculate the highest common factor of 6 and i.
6
Let h(b) = -23*b - 852. Let n be h(-42). What is the greatest common divisor of n and 532?
38
Suppose 11*o - 14*o = -282. Let p = -90 + o. Calculate the highest common factor of 60 and p.
4
Let l(i) = -11*i - 32. Let o be -6 - -7 - (-3)/(3/(-4)). Let u be l(o). What is the highest common factor of u and 9?
1
Let m = 48 - 26. Suppose -33 = 3*u + 4*c, 4*u + 2*c + m = 2*u. Let x = 12 + u. What is the greatest common divisor of 3 and x?
1
Suppose 0 = -6*f + 2 + 292. Suppose g - 11 = 4*q - q, -q - f = -3*g. Let x = 8 - -9. What is the highest common divisor of x and g?
17
Let z be 24/36 + (-7444)/(-12). Calculate the highest common factor of z and 27.
27
Let u = 500 - 488. What is the highest common divisor of 9 and u?